{"id":6045,"date":"2025-08-05T13:39:05","date_gmt":"2025-08-05T13:39:05","guid":{"rendered":"https:\/\/www.semanadeladocencia.uchile.cl\/?page_id=6045"},"modified":"2025-10-21T14:45:45","modified_gmt":"2025-10-21T14:45:45","slug":"semana-de-la-docencia-de-pregrado-uchile-2022-2","status":"publish","type":"page","link":"https:\/\/www.semanadeladocencia.uchile.cl\/","title":{"rendered":"Bienvenida"},"content":{"rendered":"\n<div style=\"height:50px\" aria-hidden=\"true\" class=\"wp-block-spacer\"><\/div>\n\n\n\n<h1 class=\"wp-block-heading has-text-align-center\"><strong>Universidad p\u00fablica con enfoque local y global<\/strong><\/h1>\n\n\n\n<h4 class=\"wp-block-heading has-text-align-center\">Alcances y experiencias de internacionalizaci\u00f3n del curr\u00edculum y aprendizaje vinculado al medio en la educaci\u00f3n superior<\/h4>\n\n\n\n<p class=\"has-text-align-center\"><strong>28, 29 y 30 de octubre.<\/strong><\/p>\n\n\n<div class=\"wp-block-image\">\n<figure class=\"aligncenter size-large has-custom-border\"><img decoding=\"async\" width=\"1024\" height=\"1024\" src=\"https:\/\/www.semanadeladocencia.uchile.cl\/wp-content\/uploads\/2025\/09\/FONDO_01-1024x1024.jpg\" alt=\"SEMANA DE LA DOCENCIA UCHILE 2025.\" class=\"has-border-color has-nv-text-dark-bg-border-color wp-image-6083\" style=\"border-width:5px;border-radius:18px\" srcset=\"https:\/\/www.semanadeladocencia.uchile.cl\/wp-content\/uploads\/2025\/09\/FONDO_01-1024x1024.jpg 1024w, https:\/\/www.semanadeladocencia.uchile.cl\/wp-content\/uploads\/2025\/09\/FONDO_01-300x300.jpg 300w, https:\/\/www.semanadeladocencia.uchile.cl\/wp-content\/uploads\/2025\/09\/FONDO_01-150x150.jpg 150w, https:\/\/www.semanadeladocencia.uchile.cl\/wp-content\/uploads\/2025\/09\/FONDO_01-768x768.jpg 768w, https:\/\/www.semanadeladocencia.uchile.cl\/wp-content\/uploads\/2025\/09\/FONDO_01-1536x1536.jpg 1536w, https:\/\/www.semanadeladocencia.uchile.cl\/wp-content\/uploads\/2025\/09\/FONDO_01.jpg 1920w\" sizes=\"(max-width: 1024px) 100vw, 1024px\" \/><\/figure>\n<\/div>\n\n\n<div style=\"height:50px\" aria-hidden=\"true\" class=\"wp-block-spacer\"><\/div>\n\n\n\n<p>La internacionalizaci\u00f3n del curr\u00edculum constituye un eje estrat\u00e9gico para las universidades p\u00fablicas que buscan conjugar <strong>excelencia acad\u00e9mica, compromiso social y pertinencia territorial<\/strong>. El enfoque que asume nuestro modelo de internacionalizaci\u00f3n curricular plantea que no se trata solo de ofrecer oportunidades de movilidad, sino de \u201cintencionar <strong>experiencias internacionales e interculturales <\/strong>para todas y todos los estudiantes, integrando idiomas, problem\u00e1ticas globales y realidades de otros territorios al curr\u00edculo\u201d.&nbsp;<\/p>\n\n\n\n<p>La propia noci\u00f3n de internacionalizaci\u00f3n se est\u00e1 transformando, al reconocer que problemas sociales, ambientales y humanos tienen una<strong> dimensi\u00f3n planetaria que requieren de colaboraci\u00f3n<\/strong> (Schneider, 2025), convergencia disciplinar, profesional, de saberes, territorios y comunidades con experiencias y saberes diversos.<\/p>\n\n\n\n<p>En nuestra universidad, las actividades implementadas en esta l\u00ednea han tenido efectos positivos, como el desarrollo de la sensibilidad frente a la diversidad y la capacidad de colaboraci\u00f3n en contextos heterog\u00e9neos (Gonz\u00e1lez y Prado, 2025). Asimismo, la curricularizaci\u00f3n de la extensi\u00f3n y el aprendizaje vinculado al medio han significado una oportunidad estrat\u00e9gica para potenciar la formaci\u00f3n integral y el compromiso social de las universidades p\u00fablicas.<\/p>\n\n\n\n<p>Parte de los alcances de estas transformaciones ser\u00e1n presentados durante la Semana de la Docencia 2025, instancia que busca articular reflexi\u00f3n te\u00f3rica y pr\u00e1ctica universitaria. Los <strong>conferencistas internacionales<\/strong>: Gerardo Blanco, Agust\u00edn Cano, Mar\u00eda Noel Gonz\u00e1lez y Eva Haug, profundizar\u00e1n en enfoques cr\u00edticos e inclusivos de la internacionalizaci\u00f3n, destacando la cooperaci\u00f3n Sur-Sur, la investigaci\u00f3n conjunta, la codocencia y el desarrollo de soluciones contextualizadas a los problemas comunes de la regi\u00f3n (Blanco, 2023; Haug, 2023). Por otro lado, acad\u00e9micas, docentes, profesionales y estudiantes de nuestra instituci\u00f3n compartir\u00e1n experiencias&nbsp; para socializar y fortalecer aprendizajes en esta l\u00ednea.&nbsp;<\/p>\n\n\n\n<p>Este encuentro busca <strong>reconocer buenas pr\u00e1cticas y generar espacios de construcci\u00f3n colectiva<\/strong> en torno a estos temas con miras a formar una ciudadan\u00eda cr\u00edtica, capaz de transformar a un mundo cada vez m\u00e1s complejo e interdependiente.<\/p>\n\n\n\n<div class=\"wp-block-buttons is-content-justification-center is-layout-flex wp-container-core-buttons-is-layout-16018d1d wp-block-buttons-is-layout-flex\">\n<div class=\"wp-block-button is-style-primary\"><a class=\"wp-block-button__link wp-element-button\" href=\"https:\/\/www.semanadeladocencia.uchile.cl\/?p=6089\">PROGRAMA<\/a><\/div>\n<\/div>\n\n\n\n<div style=\"height:50px\" aria-hidden=\"true\" class=\"wp-block-spacer\"><\/div>\n\n\n\n<hr class=\"wp-block-separator has-alpha-channel-opacity\"\/>\n\n\n\n<p class=\"has-text-align-center\">Si tiene alguna duda o comentario, puede contactarse con la <strong>Unidad de Docencia<\/strong>, al correo: <strong>docencia.pregrado@uchile.cl<\/strong> <\/p>\n\n\n\n<p class=\"has-text-align-center\">Para mayor informaci\u00f3n sobre el <strong>Departamento de Pregrado de la Universidad de Chile<\/strong>, visite el sitio: <a href=\"https:\/\/uchile.cl\/deptopregrado\">https:\/\/uchile.cl\/deptopregrado<\/a><\/p>\n\n\n\n<div style=\"height:50px\" aria-hidden=\"true\" class=\"wp-block-spacer\"><\/div>\n","protected":false},"excerpt":{"rendered":"<p>Universidad p\u00fablica con enfoque local y global Alcances y experiencias de internacionalizaci\u00f3n del curr\u00edculum y aprendizaje vinculado al medio en la educaci\u00f3n superior 28, 29 y 30 de octubre. La internacionalizaci\u00f3n del curr\u00edculum constituye un eje estrat\u00e9gico para las universidades p\u00fablicas que buscan conjugar excelencia acad\u00e9mica, compromiso social y pertinencia territorial. El enfoque que asume&hellip;&nbsp;<a href=\"https:\/\/www.semanadeladocencia.uchile.cl\/\" rel=\"bookmark\">Leer m\u00e1s &raquo;<span class=\"screen-reader-text\">Bienvenida<\/span><\/a><\/p>\n","protected":false},"author":3,"featured_media":6083,"parent":0,"menu_order":0,"comment_status":"closed","ping_status":"closed","template":"","meta":{"neve_meta_sidebar":"full-width","neve_meta_container":"contained","neve_meta_enable_content_width":"on","neve_meta_content_width":70,"neve_meta_title_alignment":"","neve_meta_author_avatar":"","neve_post_elements_order":"","neve_meta_disable_header":"off","neve_meta_disable_footer":"","neve_meta_disable_title":"on","footnotes":""},"class_list":["post-6045","page","type-page","status-publish","has-post-thumbnail","hentry"],"_links":{"self":[{"href":"https:\/\/www.semanadeladocencia.uchile.cl\/index.php?rest_route=\/wp\/v2\/pages\/6045","targetHints":{"allow":["GET"]}}],"collection":[{"href":"https:\/\/www.semanadeladocencia.uchile.cl\/index.php?rest_route=\/wp\/v2\/pages"}],"about":[{"href":"https:\/\/www.semanadeladocencia.uchile.cl\/index.php?rest_route=\/wp\/v2\/types\/page"}],"author":[{"embeddable":true,"href":"https:\/\/www.semanadeladocencia.uchile.cl\/index.php?rest_route=\/wp\/v2\/users\/3"}],"replies":[{"embeddable":true,"href":"https:\/\/www.semanadeladocencia.uchile.cl\/index.php?rest_route=%2Fwp%2Fv2%2Fcomments&post=6045"}],"version-history":[{"count":39,"href":"https:\/\/www.semanadeladocencia.uchile.cl\/index.php?rest_route=\/wp\/v2\/pages\/6045\/revisions"}],"predecessor-version":[{"id":6377,"href":"https:\/\/www.semanadeladocencia.uchile.cl\/index.php?rest_route=\/wp\/v2\/pages\/6045\/revisions\/6377"}],"wp:featuredmedia":[{"embeddable":true,"href":"https:\/\/www.semanadeladocencia.uchile.cl\/index.php?rest_route=\/wp\/v2\/media\/6083"}],"wp:attachment":[{"href":"https:\/\/www.semanadeladocencia.uchile.cl\/index.php?rest_route=%2Fwp%2Fv2%2Fmedia&parent=6045"}],"curies":[{"name":"wp","href":"https:\/\/api.w.org\/{rel}","templated":true}]}}